-98, b = 4*m + 73. What is the tens digit of b?
5
Let m(q) = 6*q - 4. Let i(t) = -t**2 - 18*t + 12. Let d(o) = -3*i(o) - 8*m(o). What is the tens digit of d(-5)?
4
Let t = 812 - 491. Let g = t + -224. What is the tens digit of g?
9
Let s(o) = o**3 - o**2 + o + 18. Let y = 22 + -13. Suppose -5*g + y*g = 0. What is the units digit of s(g)?
8
Suppose -2*p + 2 = -3*j, 0 = 2*j - 4*p - 0 - 12. Let t be 1*(5 + j)*111. Suppose a = 5*f + 23, -a - 3*a = -f - t. What is the units digit of a?
8
Suppose 3*n + 427 = 4*f - 306, -4*n = f - 188. Suppose 0 = 2*r + 2*g - 368, -3*g + f = r - 0*r. What is the units digit of r?
4
Let j(z) = -z - 10. Let o(n) = -3*n - 29. Let s(m) = 11*j(m) - 4*o(m). What is the units digit of s(3)?
9
Let l(n) = -273*n - 50. What is the tens digit of l(-2)?
9
What is the hundreds digit of 2/8*15856/(-8)*-2?
9
Let z(b) = b**3 - 4*b**2 + b + 10. Let h be z(3). Suppose -180 = -h*i + 20. What is the tens digit of i?
5
Suppose 0 = -4*v - y + 6*y + 1, 5*v - 35 = -5*y. Let d be 63/13 + v/26. Suppose -5*u = -0*u - d. What is the units digit of u?
1
Suppose 3*j - y = 16, -3*y + y = -j + 12. Let s(i) = 29*i + 420. Let f be s(-14). Let q = f + j. What is the units digit of q?
8
Let w(m) = -m**2 - 5*m + 12. Let y(o) = -o**2 - 4*o + 12. Let k(z) = 5*w(z) - 6*y(z). What is the tens digit of k(7)?
3
Suppose 2*j - 1526 = -2*h + 404, -3842 = -4*h + 5*j. What is the tens digit of h?
6
Suppose 5*n = -2*b + 15, n + 9 + 15 = 5*b. Let t(h) = 43*h. What is the tens digit of t(n)?
4
Let m(c) = -c**3 - 6*c**2 - 5. Let p be m(-6). Let g = p - -7. Suppose 5*w = -5*r - 23 + 103, -48 = -3*r + g*w. What is the units digit of r?
6
What is the units digit of (2 - 1932/(-8)) + 2/4?
4
Suppose 0 = -30*v + 26*v + 3748. What is the hundreds digit of v?
9
Let d(v) = -10*v + 2*v**2 + 7*v**3 + 5 + 6*v + 5*v. What is the hundreds digit of d(3)?
2
Let r be (-71)/(0 - -2*(-5)/20). Let n = 245 - r. What is the units digit of n?
3
What is the units digit of 5 - (-2 + 4) - (-693 + 9)?
7
What is the hundreds digit of 0/(-2)*(-3)/6 - -549?
5
Suppose 3*x - 1350 = -4*t, 2*t - 5*t + x = -1019. What is the units digit of t?
9
Suppose -3*w - w = 3*y + 392, -5*w - 266 = 2*y. What is the units digit of y/((-8)/2) + -2?
0
Suppose -46*b + 44*b = 0. Suppose 5*r - 3*s - 531 = b, s + 478 = 5*r - 59. What is the hundreds digit of r?
1
Let t = -92 - -62. Let d = 30 + t. Suppose -3*n + 64 = -w - w, d = -2*n + 4*w + 32. What is the units digit of n?
4
Let p(q) = -3*q**2 - 166*q - 20. What is the tens digit of p(-22)?
8
What is the tens digit of 2/(3*(-6)/(-4959))?
5
Let t be (4/6)/(1/(-3)). Let s(j) = -46*j - 1. Let c be s(t). Let g = c - 64. What is the units digit of g?
7
Suppose 57*n - 50*n = 5481. What is the tens digit of n?
8
Suppose 0 = -t + 3 - 1. Suppose 0 = -6*c + t*c + 8. Suppose -c*s + 16 = 2. What is the units digit of s?
7
What is the units digit of ((-6)/(-2))/(-12*(-12)/54672)?
9
Let f = -4799 + 9002. What is the units digit of f?
3
Let i(w) = w**2 + 2*w - 5. Let g(x) = -3*x**2 - 4*x**3 + x + 2*x + 3*x**3 + 4. Let y be g(-2). What is the tens digit of i(y)?
1
Let x be 266/18 - (-2)/18*2. Suppose x = -m + 31. What is the units digit of m?
6
Suppose -183 = -4*l + 3*g, 2*g - 156 = -3*l - 2*g. Suppose -5*q + 2*w = 70 + 63, 2*q = -4*w - 34. Let r = l - q. What is the tens digit of r?
7
Suppose -b + 3 = 3*x + 3*b, -4*x - 4*b = -8. Let r(v) = v**3 - 6*v**2 + 8*v + 12. What is the units digit of r(x)?
7
Suppose -2 = 3*y + 1. Let p = y + 4. What is the units digit of (12 - 9)/(p/13)?
3
Let n(s) = 18*s**3 - 4*s**2 + 9*s - 8. Let k be n(2). Let l = 5 - 3. Suppose -k = -i - l*i. What is the units digit of i?
6
Let r(q) = -q - 1. Let x be r(-2). Suppose -2*k = -9 - x. Suppose 0 = k*a - 10*a + 110. What is the tens digit of a?
2
Let p(n) = 6*n - 7. Let w be p(2). Suppose 0*m + k - 2 = -m, w*k = 5*m. Let s = 2 - m. What is the units digit of s?
1
Suppose 2*b = -1 - 3, 0 = -s - 3*b + 12. Let l be s/45 - 1326/(-10). Let i = l + -88. What is the units digit of i?
5
Suppose -3 = -5*v + 3*j, 6*v + 9 = 5*v + 3*j. Suppose v*x + 82 = 808. What is the tens digit of x?
4
What is the tens digit of ((-3444)/(-205))/((-4)/(-1290))?
1
Suppose 209*w - 193*w = 32720. What is the thousands digit of w?
2
Suppose -6*z = -z. Suppose z = -14*a + 18*a - 356. Let s = -48 + a. What is the units digit of s?
1
Suppose -5*h = 2*p - 4033, -p - 116 = 3*h - 2536. What is the hundreds digit of h?
8
What is the tens digit of 458 + ((-26)/169 - (-37)/(-13))?
5
What is the units digit of ((-7)/((-42)/(-40728)))/(-4)?
7
Let d = 19 + -17. Suppose d*g - 25 = -3*g. Suppose 220 = 5*s - g*n, -41 = -4*s + 3*s - 2*n. What is the units digit of s?
3
Suppose -2*w = 73 - 179. Suppose s = 5*s + y - 203, -s + w = -2*y. What is the units digit of s?
1
Suppose 2*o - 4 - 2 = 0. Suppose -8 = -t - o. Suppose -b + 28 = -4*u, -t*b + 96 = -u + 3*u. What is the units digit of b?
0
Suppose 0 = 4*h - 13 + 1. Suppose 109 = h*l + 2*n, -4*l + 3*n + 150 = n. What is the units digit of l?
7
Let b(f) be the second derivative of -f**4/12 + 11*f**3/6 - 4*f**2 - 5*f. Suppose -3*l + 45 = 3*k, -k - 5*l = -3*k - 5. What is the units digit of b(k)?
2
Suppose c = -0*c - 6. Let p = c + 7. Let h = p - -5. What is the units digit of h?
6
Let c(b) = 7*b**2 + 5*b + 2. What is the units digit of c(9)?
4
Suppose -2*z + 4*n + 44 = 2*z, -5*z + 35 = 5*n. Let d = 139 - z. What is the hundreds digit of d?
1
Let w(n) = -n**3 + 12*n**2 - 4. Suppose 14 + 10 = 2*o. Let v be w(o). What is the units digit of 2/v*(3 + -59)?
8
Suppose -2*d + 3*f = -361, -f = -4*d + 2*f + 713. Let w = -120 + d. What is the tens digit of w?
5
Suppose 24*u - 22*u - 8 = 0. Suppose -5*x + 378 = -2*x + 3*s, 5*x - 621 = u*s. What is the units digit of x?
5
Let k be ((-16)/(-32))/((-2)/(-168)). Let i = k - -87. What is the hundreds digit of i?
1
Let v(p) = -p**3 - 8*p**2 - 8*p + 2. Let m be v(-7). Let y be ((-75)/(-15))/(1/m). Suppose 20*a - 19*a - y = 0. What is the units digit of a?
5
Let m = 16 + -23. Let y be m*(0 - (-6)/21). Let f(l) = -14*l. What is the tens digit of f(y)?
2
Suppose -5*b + 18 = -4*u, 10 = 5*b - 0. Let l be (u - 9)*-1 + 3. Let c = l + -11. What is the units digit of c?
3
Let m be (-1*1)/((-3)/126*-7). Let f(j) = -17*j + 58. What is the tens digit of f(m)?
6
Let u = -248 - -516. What is the units digit of u?
8
Let m(z) = 6*z - 1. Let i be m(4). Suppose -3*c + 4*o + 86 - i = 0, o = 0. Suppose 36 = 22*t - c*t. What is the units digit of t?
6
Let n be (-2 - 1)*6/18. What is the tens digit of (n - 1)*(-228)/8?
5
Let k = -7 - -10. Let c(b) = 2*b - 2. Let q be c(k). Suppose -q*l - m + 78 = 0, 3*l + 65 = 6*l + 4*m. What is the units digit of l?
9
Let f(v) be the first derivative of 71*v**3/3 - 3*v**2 - 5*v + 7. What is the tens digit of f(-1)?
7
Suppose -q - 59 = 4*j - 5*j, -5*j + 255 = 5*q. Suppose m - 7 = j. Let b = m - 34. What is the units digit of b?
8
Let d = -21 + 81. Suppose 82 = 2*w - d. What is the units digit of w?
1
Let x(t) be the first derivative of -t**2 + 13*t + 7. Let p be x(4). Suppose -3*j = -8*j - p, 2*j - 106 = -4*o. What is the tens digit of o?
2
Suppose 3*c - 1196 = 193. Let i = -250 + c. What is the tens digit of i?
1
Suppose 9 = 4*p - 3, 0 = -l + 3*p. Let a(o) = 3*o - 3 - 3 - l*o - 2. What is the units digit of a(-7)?
4
Let v(c) = 3*c**2 + 16*c + 7. Let j(b) = -10*b**2 - 49*b - 22. Let l(x) = 2*j(x) + 7*v(x). What is the tens digit of l(-17)?
5
Let z = -4907 - -6930. What is the hundreds digit of z?
0
Suppose 0 = 4*x - 6 + 2. Let s(o) = 53*o + 1. What is the units digit of s(x)?
4
Suppose 2*a - 12 = b + 4*b, -4*a = -3*b - 38. Suppose -a*d = -16*d + 445. What is the units digit of d?
9
Let p(f) = f**3 + 7*f**2 + 6*f + 4. Let l be p(-6). Suppose 2*s + l*n = 82, -n = n. What is the units digit of s?
1
Let c = 1139 + 837. What is the units digit of c?
6
What is the thousands digit of 1357 - -2 - (4 - -1)?
1
What is the tens digit of (-3 - -2 - 0)*-1*200?
0
Suppose 0 = -5*c + c. Suppose 6*q = q - j + 336, c = q + 2*j - 60. What is the tens digit of q?
6
Let n = -2 + 0. What is the tens digit of 56/(-3)*n - (-2)/3?
3
Let c = -22 - -25. Suppose c*z - 21 = 72. What is the tens digit of z?
3
Suppose -137 = -3*m + 1522. What is the hundreds digit of m?
5
Let h be -33*((-15)/5